rue
Let r be 0/(-2)*(-8 + (-63)/(-7)). Let i(x) = r + 7 - 9*x - 642*x. Is i(-4) a prime number?
False
Suppose 0 = 29*u - 32*u + 3657. Let z = u - -1780. Is z prime?
True
Suppose 5*k = 16*m + 4107195, -k + 821440 = -25*m + 22*m. Is k a prime number?
False
Let v(k) = 3*k - 3 + 11*k**2 - 5*k - 4*k**3 + 0*k. Let f be v(-5). Suppose 0 = -d + f + 1155. Is d a composite number?
True
Suppose w + 0*w = -4*g - 11, 0 = 3*g + w + 7. Let z(q) be the third derivative of -q**6/30 - q**5/6 - q**4/8 - 5*q**3/6 + q**2. Is z(g) composite?
False
Let f(q) = 8 - 114 - 3*q**2 - 13*q + 3 + 19*q**2. Is f(-16) composite?
False
Let x = 1055 + -563. Suppose 3*d - 1971 + x = 0. Is d a prime number?
False
Let c be 461 + 0 + -6*2/(-12). Let a = c - 141. Is a a prime number?
False
Let c(n) = -173*n**2 + 3*n + 32. Let h be c(-6). Let p = -3765 - h. Is p a composite number?
True
Suppose 139*x = 162*x + 23. Suppose 5*w - 3*q = 27, w - 4*q = -q + 15. Is (1761/w)/(2 + x) a prime number?
True
Let o = 45445 - 25356. Is o a composite number?
False
Let p = -22699 + 37993. Let r = p + -9167. Is r composite?
True
Suppose 0 = a - 4, 6 = -6*t + 4*t + 3*a. Let y(i) = 107*i**2 + 0 + 5 + 76*i**2 - 61*i**2 - 2*i. Is y(t) composite?
False
Let c(h) = -5*h + 3. Let d be c(4). Let u(r) = 279*r**2 - 3*r + 233. Is u(d) a prime number?
False
Suppose -497217 = -968*g + 965*g. Is g a prime number?
False
Let u be 279/(-12)*-46 - 51/34. Suppose 18*d - u - 354 = 0. Is d prime?
True
Let t be -8 + (-6 + -2 - -19). Suppose 4*o - 30433 = -t*d, 5*o - 25481 = -3*d + 4947. Is d a composite number?
False
Suppose j - 4*n = 1906 + 1935, -2*j = -3*n - 7667. Is j a prime number?
False
Let l = -2 - -10. Let c(n) = 55*n + 112. Let b be c(-2). Is (l + b)*(-155)/(-10) a composite number?
True
Is 13507 - -10 - -9 - 3 composite?
False
Suppose -612997 + 6338715 = 61*n - 2371361. Is n a prime number?
True
Suppose -6*s - 60436 = -4*l, -5*l - 17*s + 75579 = -16*s. Is l prime?
False
Suppose -28186879 = -44*a - 63*a + 1330462. Is a prime?
False
Let j = -10645 + 43592. Is j prime?
False
Suppose 125877 = 4*m + v, 5*m = 7*m + 4*v - 62942. Is m a composite number?
False
Let b = 242 - 240. Suppose -b*k = 19*k - 73983. Is k a prime number?
False
Let l be (-10)/(-15) + 14/6. Suppose -l*q + 5*q = 4054. Suppose 4*p - 2105 = -5*f + 1296, 0 = 3*f - p - q. Is f prime?
True
Let j = 45421 + -20885. Suppose 5*m - j = -4*b + 8653, -b + 6638 = m. Is m a prime number?
True
Let q(k) = k**3 - 2*k**2 - 4. Let d be q(3). Suppose -g - 3865 = 3*o - d*o, 0 = 4*o + 5*g - 7709. Is o prime?
True
Suppose -3*v = -205 + 34. Let p = -61 + v. Is 2708/(-8)*p + 3 composite?
True
Let u = -25320 - -62472. Let o = u + -5683. Is o composite?
False
Let p(j) be the third derivative of -37*j**2 - 1/6*j**3 + 0*j - 1/12*j**4 + 1/12*j**5 + 0. Is p(-12) a composite number?
False
Suppose -5*x - 3*m = -2687650, 13*x - 6987871 = 35*m - 39*m. Is x a composite number?
False
Suppose 2*j = -5*q + 58984, 74*j - 88487 = 71*j - 2*q. Is j composite?
True
Is 139399 + -7 + (-3)/(-3 - -6) prime?
False
Let w be 3/(-1) + -11*(-70)/154. Let n(q) = 199*q**2 + 1. Is n(w) prime?
True
Suppose 0 = p + 5*z - 9, z - 2*z = 5*p + 3. Let v be ((-32)/p)/(-2 - (-4256)/2121). Suppose -v = 3*x - 17469. Is x a composite number?
True
Is 210067 - (-12)/(12 - 6 - 4) prime?
False
Suppose -8*a - 10*a + 39344 = -2*a. Is a prime?
True
Let d = -343 + 343. Suppose d = -2*v + 8, -2*f = -3*f + v + 1677. Is f prime?
False
Let w = -4755 - -13425. Is -4 + (5 - w/(-5)) composite?
True
Suppose 0 = 127*p - 131*p + 168524. Is p a prime number?
True
Suppose c - 216 = -2*l, 7*l + 110 = 8*l + c. Let b = 2287 - l. Is b a composite number?
True
Let c(p) = 29*p + 50 + 49 + 1 - 59. Is c(12) prime?
True
Let r = 12136 - 3847. Let c = r + -292. Is c composite?
True
Let n(r) = r**3 - 7*r**2 - 30*r + 11. Let o be n(15). Suppose 2*p + o = -2*d + 9707, p - 20881 = -5*d. Is d a composite number?
False
Suppose 77*a - 80*a = -5*x - 59399, 5*a - 98957 = -2*x. Is a prime?
True
Is -82562*(21 - 15)/(-6) prime?
False
Let p(v) = 2*v - 16. Let c be p(9). Suppose c*x - 2*z = x + 1999, 2015 = x + 2*z. Let n = x - 1042. Is n composite?
True
Let p = 164632 - 57299. Is p composite?
True
Suppose o + 2658 = 7*o. Suppose w + y + o = 5*w, -214 = -2*w + 2*y. Suppose -115*n + 4083 = -w*n. Is n a composite number?
False
Let w(s) = s**2 - 2*s - 3. Let a be w(4). Let u be 5432/(-10)*a/(-2). Suppose -13*o + u = -11*o. Is o a composite number?
True
Suppose -5*k - 3*z = -14, -k + 4*k - 2 = -5*z. Suppose -k*q - 3*q = 0. Suppose -2*s - o + 303 = 0, 4*s = -q*s - o + 601. Is s a composite number?
False
Let w(a) = 5*a**3 + 14*a**2 - 13*a. Let t be w(13). Suppose -12826 = -4*u + t. Is u composite?
True
Let u = -421 + 433. Suppose u*p - 3189 = 7335. Is p a prime number?
True
Is (335/(-7) - -4)*(-3 + -4) composite?
False
Is -30*214270/(-63) - 28/12 composite?
False
Let p(w) = -19*w + 28. Suppose -5*o + 74 = -4*c - 17, 2*c + 41 = o. Is p(c) composite?
False
Let d be (-2)/8 + 13/4 + 1. Suppose 0 = 3*r, 2*r + 0 - 28 = d*v. Is (1/(-1) - v)/((-18)/(-2259)) composite?
True
Suppose 126*l - 121*l - 110 = 0. Let q(p) = p**3 - 13*p**2 - 33*p + 53. Is q(l) a prime number?
False
Let z(t) = -52*t**3 - 3*t**2 - 6*t - 4. Let s be z(-1). Is 5851/2 + s/34 prime?
True
Suppose -143*s = -2*j - 139*s + 723902, 1809671 = 5*j + 4*s. Is j a prime number?
False
Suppose 69*y = -y + 48551 + 2343419. Is y a prime number?
True
Let l(g) be the third derivative of -g**4/8 + g**3/3 + 16*g**2. Let p be l(-4). Suppose p*a - 7*a = 13783. Is a composite?
True
Suppose 38*b - 168616 = 171522. Is b a composite number?
False
Let a(l) = 173*l + 137. Let q(b) = 6*b + 114. Let h be q(-16). Is a(h) a composite number?
False
Suppose 0 = -129*r + 88*r + 5396461. Is r prime?
False
Let r(y) be the first derivative of y**4/4 - 2*y**3 + y**2/2 + 3*y - 13. Let n be r(6). Suppose n*q = -q + 1210. Is q a prime number?
False
Let f = -1488482 - -2423443. Is f a prime number?
True
Let i = 26434 + -13881. Let v = i - 6794. Suppose -3*p = 10*p - v. Is p composite?
False
Let y = 58364 - -37049. Is y composite?
False
Suppose 2*v - m = 515956, 6 - 18 = -2*m. Is v prime?
True
Suppose -f + 4*k + 114 = 0, 5*f + 13*k = 12*k + 633. Let v = 225 + -58. Suppose f = j - v. Is j composite?
False
Suppose 0 = 16*k - 5559740 - 4464404. Is k a prime number?
False
Suppose 1722 = -0*b + 2*b. Let c = 1247 + b. Suppose -550 - c = -6*i. Is i a composite number?
False
Suppose -4*y + 2*l + 67 = -205, 4*l - 340 = -5*y. Suppose -y*u + 2608 = -52*u. Is u a prime number?
True
Let j(d) = -49847*d + 2977. Is j(-8) prime?
False
Suppose 0 = -297*r + 295*r + 6. Suppose 0 = -2*i - r*h + 330 + 292, 5*i - 1555 = 4*h. Is i a composite number?
False
Suppose 18*f - 13*f + 501060 = 0. Is (-3)/(6/f*6) a prime number?
False
Suppose -19*f = -8*f + 88. Let n be (-6 - f)/(4/5418). Suppose 3*p - 7897 = -r, 5*r - 15864 = -5*p - n. Is p composite?
False
Suppose 0 = -3*q - 4*r + 803, -2*q + 4*q - 502 = 4*r. Let a = -144 + q. Let g = a - 84. Is g composite?
True
Suppose 0 = -4*f + 65*m - 61*m + 82108, 3*f + 5*m = 61533. Is f prime?
True
Let p(b) = -20*b**3 + 98*b**2 - 33*b - 842. Is p(-31) prime?
False
Suppose 0*j - 5*j + 20 = 0. Let t be 44/11*380 + -13. Suppose -u + t = j*w, 301 + 75 = w + u. Is w composite?
True
Let z(h) = 518*h**2 - 4*h - 4. Suppose 0 = 5*b + 6 + 19. Let w be z(b). Suppose w - 1529 = 5*u - 4*v, -4576 = -2*u + 2*v. Is u prime?
False
Suppose 16 = 6*j - 2. Suppose y + 4*y = -j*t - 22, 2*y = 2*t - 12. Is -2 - (t - (-2272)/(-4)) a composite number?
True
Suppose -3*q + 137 + 269 = -g, 4*q = -5*g + 554. Suppose -3*l + 89 = -q. Suppose -4*w + 5*x + l = -130, -2*x + 61 = w. Is w prime?
False
Let s(d) = 10029*d**2 + 7. Is s(-2) composite?
False
Let j be (-3 - (5 + -8))/(-4) + 140. Let n = j - -38. Is n composite?
True
Let c(l) = 2453 - 70*l + 205*l - 68*l - 66*l. Is c(0) a prime number?
False
Let o(x) = 193*x**3 + x + 15. Is o(7) composite?
False
Let g(w) = w**2 + w - 15. Let u be g(-6). Let f be 7950/4 - u/10. Let k = f - 943. Is k prime?
False
Let z(x) = 2*x - 11. Let t be z(7). Suppose 1134 = 3*l + l - 2*i, l = -t*i + 280. Suppose 1 = 4*b - l. Is b composite?
False
Suppose 4*x - 4*g = g + 12074, 6 = -3*g. Let h = x + 1381. Is h a composite number?
False
Su